 7*y - 11. Calculate x(-7).
-11
Let r(j) = -j**3 - 8*j**2 - 10*j + 17. Determine r(-6).
5
Let o(q) = -42*q**3 + 3*q**2 - 5*q + 3. Determine o(1).
-41
Let k(y) = 7*y - 10. Calculate k(2).
4
Let g(o) = -o + 6. Determine g(22).
-16
Let d(k) = k**3 - 7*k**2 + 7*k - 27. Give d(7).
22
Let w(o) = 4*o - 12. What is w(4)?
4
Let g(a) = -a**3 + 11*a**2 + 17*a - 5. Give g(12).
55
Let c(w) = w**2 - 3*w + 1. What is c(-1)?
5
Let w(n) = -n**3 + n**2 - n - 3. Determine w(4).
-55
Let f(a) = -a**3 + 38*a**2 + 82*a - 92. Give f(40).
-12
Let f(s) = s**2 + 8*s + 40. Determine f(-6).
28
Let x(b) = 2*b + 52. Give x(-11).
30
Let s(f) = -f**3 + 11*f**2 + 13*f - 8. Calculate s(12).
4
Let z(y) = -5*y - 12. What is z(-5)?
13
Let w(d) = 7*d - 1. Determine w(-3).
-22
Let k(p) = -2*p**3 + 2*p + 12. Calculate k(3).
-36
Let p(m) = 4*m - 4. Determine p(7).
24
Let z(s) = 5*s - 114. Calculate z(24).
6
Let w(y) = -y**3 + 2*y**2 + 8*y + 10. Calculate w(6).
-86
Let d(j) = j**2 + 52*j + 230. Calculate d(-5).
-5
Let j(s) = -34*s**3 - s. Calculate j(-1).
35
Let k(y) = y**3 + 6*y**2 + 6*y + 5. Determine k(-4).
13
Let i(u) = 14*u + 4. What is i(-7)?
-94
Let h(u) = 15*u**3 + 3*u**2 - 3*u + 1. What is h(1)?
16
Let g(c) = c**3 + 10*c**2 + 8. What is g(-10)?
8
Let v(x) = x**3 + 10*x**2 + 28*x + 24. Give v(-7).
-25
Let q(d) = d**2 + 16*d + 36. Calculate q(-6).
-24
Let d(s) = -s**2 + s + 118. Give d(10).
28
Let n(x) = 7*x**3 + x**2 + 5*x - 6. Determine n(2).
64
Let r(t) = t - 1. Calculate r(3).
2
Let u(s) = s**2 - 9*s - 53. Determine u(15).
37
Let q(m) = m**2 - 4*m - 7. What is q(-2)?
5
Let j(m) = 13*m**2 + 4*m + 2. Calculate j(-2).
46
Let p(o) = -o**3 + 18*o**2 + 18*o + 42. What is p(19)?
23
Let j(a) = -2*a**2 - 2*a. Give j(-2).
-4
Let k(w) = -w**2 + 2*w + 8. What is k(6)?
-16
Let j(b) = 2*b**2 + 25*b + 61. Determine j(-9).
-2
Let z(r) = r**3 - 4*r**2 - 8*r + 3. Give z(5).
-12
Let o(k) = k**3 + 7*k**2 + 5*k + 22. What is o(-7)?
-13
Let k(p) = 6*p + 6. Give k(3).
24
Let c(h) = -h**2 + 8*h + 12. Calculate c(10).
-8
Let q(x) = -22*x**3 + 2*x**2 - 1. What is q(1)?
-21
Let g(x) = 12*x**2 - 13*x + 23. Give g(2).
45
Let a(d) = -5*d + 36. Give a(16).
-44
Let j(f) = 5*f + 13. Determine j(-3).
-2
Let b(k) = 12*k**2 + k + 1. Determine b(-1).
12
Let n(i) = i**3 - 8*i**2 + 9*i + 9. Give n(5).
-21
Let j(m) = m**3 + 2*m**2 + m + 1. Calculate j(-4).
-35
Let a(q) = -2*q**3 - q**2 - q - 1. Give a(-1).
1
Let g(w) = w**3 + 7*w**2 + 3*w - 19. What is g(-6)?
-1
Let d(q) = 2*q**2 + 9*q - 1. What is d(-7)?
34
Let x(j) = -j**2 + 17*j + 33. What is x(19)?
-5
Let f(k) = -19*k + 7. What is f(-3)?
64
Let q(i) = -2*i**2 + 8*i - 8. Give q(4).
-8
Let k(t) = t**3 + 12*t**2 - 13*t - 2. Give k(-13).
-2
Let x(i) = 29*i + 1. Determine x(1).
30
Let n(v) = -v**2 - 9*v - 10. Calculate n(-7).
4
Let l(w) = -3*w**3 + w**2 + 4. Give l(2).
-16
Let b(k) = -5*k + 17. Calculate b(-9).
62
Let g(f) = -f**2 - 6*f + 13. Calculate g(-7).
6
Let h(g) = -g**2 + 4*g. What is h(6)?
-12
Let i(a) = -14*a - 528. Determine i(-38).
4
Let l(i) = 8*i + 169. Determine l(-22).
-7
Let g(q) = -13*q + 1. What is g(1)?
-12
Let s(n) = n**3 + 10*n**2 + 6*n + 8. Give s(-7).
113
Let u(f) = -f**2 + 10*f + 1. Determine u(6).
25
Let a(n) = -n**2 - 4*n + 10. Give a(-6).
-2
Let r(f) = -f**2 + 14*f + 8. What is r(10)?
48
Let a(u) = -u**3 + 7*u**2 + 3*u - 8. Determine a(7).
13
Let u(g) = g**3 - 6*g**2 + 5. Calculate u(6).
5
Let w(u) = u**3 - u**2 - 3*u + 2. Calculate w(3).
11
Let r(c) = -2*c + 2. Give r(-2).
6
Let h(c) = -50*c - 207. Calculate h(-4).
-7
Let r(g) = g**3 + g**2 - 2. Determine r(1).
0
Let o(r) = 2*r**3 - r**2 - 9*r + 7. Give o(3).
25
Let g(r) = 4*r. Give g(-5).
-20
Let d(z) = 3*z**2 + 6*z + 2. Give d(-2).
2
Let i(b) = b - 18. Give i(-10).
-28
Let z(f) = -10*f - 7. Give z(-4).
33
Let q(k) = k**2 - 7*k - 11. Calculate q(8).
-3
Let x(a) = -a + 5. Determine x(6).
-1
Let t(q) = q**3 + 11*q**2 + 7*q + 2. Give t(-11).
-75
Let q(j) = -j**3 + 12*j**2 + 20*j + 5. Determine q(14).
-107
Let v(x) = -x**2 + 19*x - 33. Determine v(13).
45
Let u(q) = -q + 17. What is u(15)?
2
Let n(l) = -10*l + 80. Give n(6).
20
Let c(a) = 3*a - 28. Determine c(11).
5
Let r(o) = -o**2 - 21*o + 19. Calculate r(-18).
73
Let m(s) = -s**3 - 8*s**2 - 2*s + 4. Determine m(-3).
-35
Let x(o) = o**2 + 5*o + 14. Give x(-7).
28
Let b(j) = -j**3 + 22*j**2 - 22*j + 17. Determine b(21).
-4
Let w(c) = -4*c + 52. Determine w(12).
4
Let x(t) = t**3 - 19*t**2 - 20*t + 5. What is x(20)?
5
Let s(m) = -2*m**3 + 36*m**2 + 4*m - 18. Give s(18).
54
Let x(f) = f**3 + 13*f**2 - 60*f - 22. Give x(4).
10
Let x(m) = -m**3 + 13*m**2 - 18*m - 41. Calculate x(11).
3
Let f(s) = s**2 + 13*s + 28. Calculate f(-8).
-12
Let x(w) = -w**2 - 2*w - 3. Give x(-9).
-66
Let h(z) = -2*z**2 + 16*z + 7. Determine h(8).
7
Let q(t) = t**2 - 9*t - 21. Determine q(11).
1
Let r(m) = m**3 + m - 61. What is r(0)?
-61
Let a(n) = n**2 + 7*n + 4. Calculate a(-3).
-8
Let v(w) = 2*w**2 - 21*w + 34. Determine v(8).
-6
Let l(a) = -a**3 + 9*a**2 + 20*a - 6. Calculate l(11).
-28
Let h(v) = -14*v + 372. What is h(27)?
-6
Let x(y) = -y**3 - 4*y**2 - y + 3. What is x(-2)?
-3
Let t(z) = -2*z**3 - 9*z**2 + 7*z + 7. Determine t(-5).
-3
Let u(i) = -2*i + 5. Determine u(7).
-9
Let h(z) = 2*z**3 - 3*z**2 + 6*z - 12. Determine h(2).
4
Let q(g) = -g**3 - 7*g**2 - 57*g - 515. Calculate q(-8).
5
Let s(d) = -5*d + 39. Give s(9).
-6
Let d(v) = 3*v + 67. Calculate d(-17).
16
Let l(h) = -2*h**2 + 25*h - 12. Calculate l(11).
21
Let j(t) = -t + 16. Give j(17).
-1
Let f(y) = y**2 + 26*y + 24. What is f(-11)?
-141
Let j(h) = h**2 + 10*h + 15. Give j(-2).
-1
Let g(l) = l**3 + 32*l**2 + 30*l - 34. Give g(-31).
-3
Let j(c) = c**3 + c + 1. Calculate j(-3).
-29
Let p(l) = -l**2 - 10*l + 9. Determine p(-10).
9
Let s(w) = -w**3 - w**2 - 3*w + 63. What is s(0)?
63
Let j(a) = a**3 + 4*a**2 + 2*a - 3. What is j(-3)?
0
Let u(y) = y**2 - 22*y. Determine u(22).
0
Let g(n) = -26*n - 13. Calculate g(-3).
65
Let p(w) = w**2 - 10*w - 3. Calculate p(7).
-24
Let l(c) = -c**3 - 4*c**2 - 11*c - 27. What is l(-4)?
17
Let j(b) = -b**3 + 13*b**2 - 5*b - 16. What is j(12)?
68
Let q(s) = s**3 - 6*s**2 - 10*s + 13. What is q(7)?
-8
Let l(a) = -3*a**2 - 5*a - 5. Give l(-2).
-7
Let w(h) = -3*h**2 + 18. Give w(0).
18
Let d(b) = b**2 - 4*b - 21. What is d(0)?
-21
Let x(f) = -5*f + 6. Determine x(0).
6
Let p(k) = k**3 + 12*k**2 - 27*k + 1. What is p(-14)?
-13
Let t(q) = q**2 + 22*q + 23. Determine t(-23).
46
Let t(m) = 11*m + 19. Give t(-10).
-91
Let z(t) = -52*t - 3. What is z(-1)?
49
Let w(p) = -38*p**3 - p**2. Determine w(1).
-39
Let i(a) = a**2 + 9*a - 11. Give i(-11).
11
Let i(c) = -c**2 + 9*c + 27. Give i(12).
-9
Let u(r) = 11*r. Give u(-4).
-44
Let u(k) = 14*k + 43. Calculate u(-8).
-69
Let p(f) = f**3 + 15*f**2 + 14*f. Give p(-14).
0
Let p(q) = -34*q - 1. What is p(-1)?
33
Let d(b) = -16*b**2 - 9*b - 8. What is d(-1)?
-15
Let r(k) = k**2 + 22*k + 23. Determine r(-21).
2
Let b(n) = -n**2 + 10*n + 77. Calculate b(15).
2
Let f(h) = -8*h - 11. What is f(8)?
-75
Let s(v) = 14*v + 1. Calculate s(-2).
-27
Let s(i) = -6*i**2 - 10*i - 11. Calculate s(-2).
-15
Let d(r) = 2*r - 19. Calculate d(42).
65
Let z(f) = 23*f + 112. Determine z(-5).
-3
Let b(z) = 4*z - 28. Determine b(5).
-8
Let w(q) = -q**3 - q**2 + 7*q + 3. What is w(3)?
-12
Let h(o) = o**2 + 18*o + 68. Calculate h(-6).
-4
Let n(c) = -c**3 + 2*c**2 - 8. Determine n(0).
-8
Let f(m) = -m**3 + 4*m**2 - 3*m + 1. Give f(1).
1
Let m(b) = b**2 - 19*b + 65. What is m(4)?
5
Let c(i) = i**3 + 11*i**2 - 2*i + 6. Calculate c(-11).
28
Let j(y) = -y**2 - 2*y - 3. Calculate j(4).
-27
Let p(f) = -f**2 + 58*f - 313. What is p(6)?
-1
Let r(z) = -2*z**3 + 1. Determine r(-1).
3
Let y(p) = -2*p**2 + 48*p - 54. Determine y(23).
-8
Let x(o) = 6*o**2 - o + 1. Give x(0).
1
Let g(o) = o - 40. Calculate g(-22).
-62
Let l(d) = d**3 - 3*d**2 - 6*d + 4. Determine l(4).
-4
Let g(o) = o - 17. Determine g(-11).
-28
Let u(q) = 4*q**2 + 57*q + 9. Calculate u(-14).
-5
Let p(g) = g**3 + 7*g**2 - 6*g + 15. What is p(-8)?
-1
Let s(f) = 21*f - 21. What is s(2)?
21
Let c(j) = -j**2 + 22*j - 26. Give c(23).
-49
Let f(z) = z**2 - 2*z - 1. What is f(2)?
-1
Let j(o) = 3*o**2 + o + 1. Give j(1).
5
Let l(n) = n**3 - 6*n**2 - 19*n + 118. Give l(5).
-2
Let h(u) = 3*u**3 + 9*u**2. Calculate 